04
In base 8, what is -6526 - 660?
-7406
In base 13, what is 3 - 2a8625?
-2a8622
In base 2, what is 111101001101110010000 - 1000?
111101001101110001000
In base 16, what is -2d1917e - -1?
-2d1917d
In base 7, what is -5 - -132441204?
132441166
In base 13, what is -1882471 - -a?
-1882464
In base 12, what is -41725a6 + -1?
-41725a7
In base 3, what is 11011212 - -12022011?
100111000
In base 14, what is -3 + -65242a5?
-65242a8
In base 5, what is -1014204221 + 2?
-1014204214
In base 15, what is -22 - 150878?
-15089a
In base 2, what is 1000011 + 1001100011011000?
1001100100011011
In base 10, what is 698898 + 978?
699876
In base 7, what is -23621052 + -64?
-23621146
In base 5, what is -303203203111 + -2?
-303203203113
In base 3, what is 221201022010010 + 12?
221201022010022
In base 3, what is -10111121010 - 112?
-10111121122
In base 16, what is -9d1 + 2033?
1662
In base 5, what is 2024420213242 + 1?
2024420213243
In base 14, what is -7953 + -93?
-7a06
In base 11, what is -90aa5 + -620?
-91615
In base 16, what is -5 - -1d149f6?
1d149f1
In base 7, what is -210665216 - 4?
-210665223
In base 11, what is 17 + a38645?
a38661
In base 12, what is 1708a - -4a4?
17572
In base 5, what is 222403231002 - 11?
222403230441
In base 13, what is 63c5167c - 1?
63c5167b
In base 4, what is -1 + 1110031132203?
1110031132202
In base 4, what is -11 - -12101221221022?
12101221221011
In base 11, what is -1 + -18743a?
-187440
In base 4, what is -3 + 3020311332132?
3020311332123
In base 9, what is 37 - 4872351?
-4872313
In base 9, what is -8875704630 - 2?
-8875704632
In base 16, what is 9226d20 - 2?
9226d1e
In base 16, what is 127c + -42d?
e4f
In base 15, what is 54 - -8e1881?
8e18d5
In base 15, what is 36033 + 6d?
360a1
In base 15, what is -986 + 274?
-712
In base 11, what is 1a242 + -5734?
14609
In base 4, what is -22233 - -1100221301?
1100133002
In base 10, what is -6852899 - 4?
-6852903
In base 2, what is 10001011010110 + -101101111?
10000101100111
In base 3, what is 101 + -110022201200122?
-110022201200021
In base 4, what is -13023321 + -1222011?
-20311332
In base 11, what is -aa + -10933a?
-109439
In base 3, what is -121120201 + 2002211?
-112110220
In base 12, what is 50 - 802727?
-802697
In base 8, what is -51324762 + -33?
-51325015
In base 12, what is 183571 + -5b?
183512
In base 8, what is -3041 + -1401504?
-1404545
In base 2, what is 1001001000001100110 + -1000101?
1001001000000100001
In base 14, what is -23554b - 1?
-23554c
In base 8, what is -2 - -121447565?
121447563
In base 15, what is -275bc12b - 5?
-275bc131
In base 7, what is 21 - -2635166?
2635220
In base 12, what is -27aa9aa - -1?
-27aa9a9
In base 4, what is -100 - 122020103010?
-122020103110
In base 5, what is -43 - -14231204?
14231111
In base 3, what is 120210011211 + -1110?
120210010101
In base 4, what is -1230131 + 2003330?
113133
In base 10, what is 4 - -161583335?
161583339
In base 5, what is -201343023 - 4?
-201343032
In base 6, what is -23 - 1241310330?
-1241310353
In base 6, what is -2 + -5143322?
-5143324
In base 4, what is -1123 + -12030202332?
-12030210121
In base 14, what is 1 - 8365673?
-8365672
In base 8, what is -2 + -7770563?
-7770565
In base 13, what is -19a581 + 4?
-19a57a
In base 2, what is -11000111100111011101000101 + 0?
-11000111100111011101000101
In base 12, what is -1325b + 6ab?
-12770
In base 3, what is -210011011102 + -1100?
-210011012202
In base 7, what is -1 - -126026363?
126026362
In base 12, what is -20 - 2a8311?
-2a8331
In base 2, what is -101101111 - 101101000000?
-110010101111
In base 16, what is 20 + 2aeda?
2aefa
In base 4, what is 201133020221 + -33?
201133020122
In base 3, what is -210110 - -2201001121?
2200021011
In base 11, what is -7789 + -1630?
-9309
In base 5, what is 220 + -20102302?
-20102032
In base 5, what is -10 + -4214221021?
-4214221031
In base 3, what is 201011002202 - -1?
201011002210
In base 10, what is -53 - -271172?
271119
In base 10, what is 2994 - -4704?
7698
In base 4, what is -10221 - 3231113?
-3302000
In base 15, what is -362e5a9 - -3?
-362e5a6
In base 10, what is 1 + 882513?
882514
In base 4, what is 3103330321 - 2?
3103330313
In base 9, what is 17860237 - -5?
17860243
In base 15, what is 695e05 + 1?
695e06
In base 10, what is -10878933 - 2?
-10878935
In base 14, what is -1b429 - 77?
-1b4a2
In base 12, what is 0 - 3640b?
-3640b
In base 15, what is -3ad89 - -142d?
-3995b
In base 15, what is 0 + -2a061b?
-2a061b
In base 14, what is -93 + 314989?
3148d6
In base 14, what is 35100 + 1c?
3511c
In base 15, what is -3145e + -2c?
-3148b
In base 14, what is a2 - d2b3?
-d211
In base 11, what is 72 - -3820a8?
38216a
In base 10, what is 97303 - 85?
97218
In base 3, what is -1 + 11222202122121?
11222202122120
In base 12, what is 224 + 14326?
1454a
In base 16, what is -2c0 + 9244?
8f84
In base 2, what is -11 - 10111000101011000001010111001?
-10111000101011000001010111100
In base 10, what is 408 - -110248?
110656
In base 10, what is 3 + 4255806?
4255809
In base 11, what is 10 - 25844583?
-25844573
In base 12, what is 64375 - 565?
63a10
In base 12, what is 1210 + 48a0?
5ab0
In base 13, what is 7b94 - -6b?
7c32
In base 12, what is 223373 - 25?
22334a
In base 8, what is 26 - 15550644?
-15550616
In base 7, what is 140263 + 11142?
151435
In base 16, what is -35 - dce8d?
-dcec2
In base 3, what is -212102100 + 22001100?
-120101000
In base 16, what is 1238c7 - 74?
123853
In base 13, what is 801 - 2104?
-1603
In base 12, what is 66 + 28270?
28316
In base 15, what is -a + -57cc2b0?
-57cc2ba
In base 15, what is -39 - -18148?
1810e
In base 12, what is -3 - 1a850349?
-1a850350
In base 13, what is 2366a16 + -b?
2366a08
In base 10, what is -884525502 + -4?
-884525506
In base 13, what is 0 - -64487?
64487
In base 13, what is 162a6 + -84b?
15758
In base 8, what is -71560 + 151?
-71407
In base 3, what is -202001120212102 + -11?
-202001120212120
In base 10, what is 4 + 2653495?
2653499
In base 16, what is -a4bec - -39?
-a4bb3
In base 14, what is -1d + -59267?
-59286
In base 8, what is -342 - -1110510?
1110146
In base 14, what is -7 + -130cc8?
-130cd1
In base 2, what is -110000011011101000110 - -1000?
-110000011011100111110
In base 10, what is -37883036 - 3?
-37883039
In base 15, what is -c9 + 12ace4?
12ac1a
In base 14, what is -143566d + -2?
-1435671
In base 5, what is -210033 - 204022?
-414110
In base 16, what is c6d987 + 0?
c6d987
In base 3, what is -101221000210210 - -1122?
-101221000202011
In base 15, what is 4cc + 120710?
120bdc
In base 10, what is 77403 + -86?
77317
In base 3, what is 21110 + 1201020000?
1201111110
In base 14, what is -205dc6b + 1?
-205dc6a
In base 8, what is -247262 + 561?
-246501
In base 3, what is 200211122120011221 + 1?
200211122120011222
In base 7, what is 30614 - 36253?
-5336
In base 8, what is -11 + -5235534?
-5235545
In base 9, what is -3374 - -10007?
5523
In base 8, what is 242 - 130304?
-130042
In base 5, what is 3 + 112142422414?
112142422422
In base 10, what is -7168592 - 2?
-7168594
In base 11, what is -1aa621 + 40?
-1aa591
In base 12, what is 2 - 10393b2a?
-10393b28
In base 5, what is 4 - 2103344004?
-2103344000
In base 11, what is 3 - 88591501?
-885914a9
In base 2, what is -10110 + 100110111110000111100?
100110111110000100110
In base 8, what is 1 + -34511243?
-34511242
In base 14, what is 4 - -175ca3?
175ca7
In base 8, what is 67 - 3503515?
-3503426
In base 9, what is -2 - 38528774?
-38528776
In base 3, what is 10012122020000020 - -12?
10012122020000102
In base 3, what is -11001 + 121221201211?
121221120210
In base 6, what is -15352 + 1414321?
1354525
In base 15, what is 3 - -a40172?
a40175
In base 3, what is -12021010 + -120120201?
-202211211
In base 10, what is -63347 - -3512?
-59835
In base 7, what is -6235443033 + 5?
-6235443025
In base 14, what is -5db63 - b9?
-5dc3c
In base 10, what is 7 + -966319?
-966312
In base 5, what is 21342114 + 433?
21343102
In base 10, what is -672860 + 8?
-672852
In base 14, what is 8 - 168a4a1?
-168a497
In base 6, what is 2351 + 230544?
233335
In base 10, what is -1212765 - -4?
-1212761
In base 9, what is 70437118 - 0?
70437118
In base 8, what is 241073734 - 4?
241073730
In base 5, what is 40 + -2143143031?
-2143142441
In base 7, what is 1552 - -106403?
111255
In base 4, what is 10 + -10010301230322?
-100103012